e 13781?
False
Does 123 divide 27306?
True
Is 3552 a multiple of 8?
True
Is 40 a factor of 5520?
True
Is 15052 a multiple of 21?
False
Does 8 divide 973?
False
Does 5 divide 200?
True
Is 19 a factor of 57?
True
Is 7 a factor of 630?
True
Is 9405 a multiple of 44?
False
Does 23 divide 9292?
True
Does 33 divide 15675?
True
Does 51 divide 134300?
False
Is 31 a factor of 39029?
True
Is 38 a multiple of 2?
True
Does 154 divide 4348?
False
Does 2 divide 67?
False
Is 14 a factor of 10822?
True
Is 21 a factor of 1113?
True
Does 16 divide 1958?
False
Is 13 a factor of 2366?
True
Does 47 divide 9493?
False
Does 24 divide 936?
True
Does 7 divide 42?
True
Does 39 divide 55831?
False
Does 30 divide 71419?
False
Is 1018 a multiple of 44?
False
Is 37 a factor of 489?
False
Is 91 a factor of 26499?
False
Is 1666 a multiple of 32?
False
Is 23 a factor of 759?
True
Does 6 divide 7780?
False
Is 68 a factor of 2108?
True
Does 73 divide 677?
False
Is 561 a multiple of 15?
False
Is 20 a factor of 6220?
True
Is 40 a factor of 160?
True
Is 3 a factor of 126?
True
Is 13559 a multiple of 13?
True
Does 14 divide 4656?
False
Is 341 a multiple of 9?
False
Does 9 divide 1474?
False
Is 75 a multiple of 15?
True
Is 28 a factor of 118104?
True
Is 24 a factor of 718?
False
Does 16 divide 7097?
False
Is 8 a factor of 648?
True
Is 5 a factor of 1399?
False
Is 813 a multiple of 21?
False
Is 28 a factor of 140?
True
Does 17 divide 1462?
True
Does 42 divide 638?
False
Is 6 a factor of 1284?
True
Is 57 a factor of 1003?
False
Does 4 divide 3824?
True
Is 35999 a multiple of 10?
False
Is 21681 a multiple of 297?
True
Is 60 a factor of 2520?
True
Is 6 a factor of 162?
True
Is 7 a factor of 252?
True
Does 51 divide 663?
True
Is 205 a multiple of 7?
False
Is 264 a multiple of 8?
True
Is 2867 a multiple of 67?
False
Is 10 a factor of 53481?
False
Is 19 a factor of 2033?
True
Is 206 a factor of 27810?
True
Is 4689 a multiple of 9?
True
Is 45806 a multiple of 74?
True
Is 3255 a multiple of 35?
True
Is 23 a factor of 60634?
False
Is 10816 a multiple of 104?
True
Is 408 a multiple of 51?
True
Is 4 a factor of 74?
False
Is 28 a factor of 1607?
False
Is 16 a factor of 54757?
False
Is 560 a multiple of 7?
True
Is 1338 a multiple of 68?
False
Is 482 a multiple of 4?
False
Is 65714 a multiple of 22?
True
Does 33 divide 5510?
False
Is 325 a multiple of 25?
True
Does 17 divide 533?
False
Does 5 divide 4487?
False
Does 29 divide 11426?
True
Is 39 a factor of 2065?
False
Is 142 a factor of 2773?
False
Is 18 a factor of 1331?
False
Is 432 a multiple of 27?
True
Is 1094 a multiple of 20?
False
Is 4 a factor of 114?
False
Does 13 divide 52?
True
Is 4 a factor of 388?
True
Is 72184 a multiple of 56?
True
Does 22 divide 3696?
True
Is 10 a factor of 293?
False
Is 8 a factor of 1342?
False
Is 7098 a multiple of 21?
True
Does 25 divide 10575?
True
Is 121 even?
False
Is 5580 a multiple of 31?
True
Is 1230 a multiple of 15?
True
Is 421 a multiple of 7?
False
Does 14 divide 18802?
True
Is 179360 a multiple of 380?
True
Is 2497 a multiple of 4?
False
Is 48 a factor of 1632?
True
Does 4 divide 156?
True
Is 47614 a multiple of 8?
False
Is 11136 a multiple of 18?
False
Does 19 divide 684?
True
Is 836 a multiple of 19?
True
Does 4 divide 1018?
False
Does 24 divide 1032?
True
Is 131 a multiple of 4?
False
Is 190 a factor of 16150?
True
Is 18 a factor of 8637?
False
Does 4 divide 2553?
False
Is 21 a factor of 1374?
False
Is 263 a multiple of 11?
False
Is 48 a multiple of 6?
True
Is 196 a multiple of 13?
False
Does 31 divide 1762?
False
Is 11 a factor of 313?
False
Does 8 divide 120?
True
Is 8928 a multiple of 48?
True
Is 50 a factor of 2700?
True
Is 37793 a multiple of 53?
False
Does 28 divide 16016?
True
Does 118 divide 9204?
True
Is 26 a factor of 494?
True
Does 94 divide 7896?
True
Is 96 a factor of 960?
True
Is 25 a factor of 500?
True
Is 6 a factor of 450?
True
Is 32 a factor of 28643?
False
Is 5481 a multiple of 9?
True
Does 84 divide 374?
False
Is 323 a multiple of 17?
True
Is 143 even?
False
Is 541 a multiple of 3?
False
Is 23 a factor of 28842?
True
Is 23 a factor of 125?
False
Does 38 divide 874?
True
Does 27 divide 24246?
True
Does 12 divide 77821?
False
Does 13 divide 6955?
True
Does 6 divide 49?
False
Does 30 divide 1350?
True
Is 43 a factor of 965?
False
Does 11 divide 1070?
False
Is 222 a multiple of 9?
False
Does 16 divide 1356?
False
Does 17 divide 5325?
False
Is 12 a factor of 2258?
False
Is 19436 a multiple of 86?
True
Does 57 divide 5700?
True
Is 124 a factor of 2293?
False
Does 15 divide 18652?
False
Is 516 a multiple of 12?
True
Does 47 divide 1269?
True
Is 3069 a multiple of 9?
True
Does 97 divide 1552?
True
Does 35 divide 34494?
False
Is 104 a factor of 1456?
True
Is 188 a factor of 4750?
False
Is 100 a factor of 5000?
True
Is 8346 a multiple of 12?
False
Is 9 a factor of 88600?
False
Is 35744 a multiple of 16?
True
Does 26 divide 70746?
True
Is 5390 a multiple of 22?
True
Is 41 a factor of 60140?
False
Does 51 divide 510?
True
Is 3597 a multiple of 64?
False
Is 1833 a multiple of 13?
True
Is 108 a factor of 28836?
True
Is 26 a factor of 3947?
False
Is 4742 a multiple of 97?
False
Is 57 a factor of 1558?
False
Is 12181 a multiple of 3?
False
Is 16 a factor of 1237?
False
Is 1341 a multiple of 12?
False
Is 222 a factor of 14167?
False
Is 1698 a multiple of 11?
False
Does 12 divide 30924?
True
Is 417 a multiple of 7?
False
Is 20633 a multiple of 6?
False
Is 17 a factor of 9922?
False
Is 9896 a multiple of 10?
False
Is 30 a factor of 2259?
False
Is 33 a factor of 66?
True
Is 6 a factor of 312?
True
Is 3799 a multiple of 29?
True
Is 18 a factor of 230?
False
Does 262 divide 28820?
True
Is 1104 a multiple of 3?
True
Does 12 divide 10392?
True
Does 14 divide 400?
False
Does 86 divide 13416?
True
Is 3 a factor of 71?
False
Is 123 a factor of 1353?
True
Does 27 divide 2241?
True
Is 179 a factor of 20764?
True
Is 68 a factor of 6528?
True
Is 99 a factor of 23166?
True
Is 127 a factor of 16510?
True
Is 12128 a multiple of 73?
False
Does 80 divide 1120?
True
Is 2028 a multiple of 13?
True
Is 4 a factor of 23592?
True
Does 98 divide 3430?
True
Does 142 divide 25844?
True
Does 110 divide 1980?
True
Is 304 a multiple of 19?
True
Is 11124 a multiple of 18?
True
Is 21 a factor of 1399?
False
Does 8 divide 568?
True
Is 59 a factor of 5310?
True
Is 11 a factor of 1419?
True
Is 268 a multiple of 8?
False
Is 7072 a multiple of 13?
True
Is 13170 a multiple of 10?
True
Is 1940 a multiple of 4?
True
Is 8 a factor of 389?
False
Is 31248 a multiple of 112?
True
Is 43 a factor of 352?
False
Does 2 divide 6330?
True
Is 13151 a multiple of 13?
False
Is 5022 a multiple of 11?
False
Is 868 a multiple of 20?
False
Is 426 a multiple of 35?
False
Is 113 a factor of 205?
False
Is 4 a factor of 400?
True
Does 6 divide 28?
False
Is 4 a factor of 83?
False
Does 57 divide 48464?
False
Is 19 a factor of 64485?
False
Does 34 divide 2637?
False
Is 38 a factor of 494?
True
Is 6 a factor of 3879?
False
Is 1394 a multiple of 35?
False
Does 78 divide 3153?
False
Is 1010 a multiple of 13?
False
Is 27 a factor of 1728?
True
Is 15 a factor of 5727?
False
Is 112 a factor of 36512?
True
Does 17 divide 21471?
True
Does 48 divide 300?
False
Is 87 a factor of 2871?
True
Is 3 a factor of 17?
False
Is 8 a factor of 74168?
True
Is 28 a factor of 20608?
True
Is 136 a multiple of 7?
False
Does 5 divide 783?
False
Is 92766 a multiple of 14?
False
Is 16200 a multiple of 30?
True
Is 16 a factor of 735?
False
Is 65862 a multiple of 56?
False
Is 9 a factor of 3159?
True
Is 388 a multiple of 10?
False
Is 7332 a multiple of 94?
True
Is 130 a factor of 88816?
False
Does 9 divide 57915?
True
Is 4311 a multiple of 9?
True
Is 82125 a multiple of 15?
True
Is 12502 a multiple of 19?
True
Does 2 divide 13587?
False
Is 34164 a multiple of 12?
True
Is 56 a factor of 3808?
True
Does 96 divide 20739?
False
Is 24310 a multiple of 87?
False
Does 102 divide 21767?
False
Does 47 divide 4089?
True
Is 142 a factor of 75953?
False
Is 11704 a multiple of 152?
True
Is 999 a multiple of 11?
False
Is 936 a multiple of 8?
True
Is 20 a factor of 1263?
False
Is 574 a multiple of 7?
True
Is 15492 a multiple of 3?
True
Is 3568 a multiple of 6?
False
Is 2 a factor of 242?
True
Is 2